-114493. Is 2/((-24)/o)*(-4 - -1) a composite number?
False
Let s = 147 - 145. Suppose s*v + 9 - 13 = 0. Suppose 3944 = -v*q + 6*q - 4*y, -5*q + 4898 = 3*y. Is q prime?
False
Let w(l) be the first derivative of -275*l**2/2 + 23*l + 14. Let h(t) = 824*t - 69. Let n(i) = -6*h(i) - 17*w(i). Is n(-6) composite?
False
Let m = -170367 + 242716. Is m a composite number?
True
Let d(k) = -8*k + 25. Let x be d(3). Let w(t) = -260*t - 832*t - x - 434*t + 162*t. Is w(-1) prime?
False
Suppose 2*f - 2*h - 3*h + 34 = 0, -32 = 4*f - h. Let b = -13 - f. Is 3 + 406 + 6 + b a prime number?
True
Suppose -14*j - 1007998 = -16*j - 2*x, -4*x = 2*j - 1007994. Is j composite?
False
Suppose 255482 = 3*h - 5*t, -17*h + 20*h + t = 255476. Is h composite?
False
Let a be ((-98)/(-42))/(1/198). Let n = a + -1093. Let b = 1026 + n. Is b a composite number?
True
Suppose 0 = -15*y - 35262 + 136227. Is y a composite number?
True
Is ((-14)/21)/(532276/88713 + (-126)/21) composite?
True
Let p = -829 + 1187. Suppose -3*v + 14873 = -p. Is v prime?
True
Let b(n) = -n + 32. Let c be b(21). Suppose -4*i - 4*y = -8, 2*i - c = -3*y + 8*y. Is 981/(i - 0) + 4 a composite number?
False
Suppose 5*z - 10 = 4*o, 4*z - 8 = 6*o - o. Let h be (2 - 1)/(z/(-6) - 0). Is (-1973)/(-9) - (h - 116/(-36)) prime?
False
Let y(r) = r**3 - 11*r**2 - 16*r + 24. Suppose 22*d = 17*d + 60. Let j be y(d). Is ((-4086)/j + -2)/((-1)/(-4)) a prime number?
True
Let o = 290 - -6831. Is o a composite number?
False
Let t(r) = 3840*r + 5. Suppose 6*v - 291 + 285 = 0. Is t(v) prime?
False
Let t(o) = o**2 - 2*o**2 + 22 - o + 2*o**2 + 12*o. Let d be t(-9). Let h(l) = l**2 - l + 21. Is h(d) a prime number?
False
Suppose 150*d - 176*d + 1165814 = 0. Is d prime?
True
Let l = -154366 + 222029. Is l composite?
True
Let i = 58698 - 13137. Is i a composite number?
True
Suppose 2*v = 5*x + 3 + 12, 9 = 2*v + x. Suppose -4*j + 4*l = 20, -v*l = -j - 33 + 8. Suppose 1905 = -j*b + 5*b. Is b composite?
True
Suppose 0 = -3*v + 3*w + 535977, 134*v = 129*v - w + 893307. Is v a composite number?
True
Let d = 177781 + 125322. Is d a prime number?
False
Suppose 7*y = 2*y + 520. Suppose -2*q - l + y = -q, 5*l - 5 = 0. Let f = q + -6. Is f a composite number?
False
Suppose -17*b - 4*b = -105. Suppose -3*v + 13*t + 30237 = 8*t, b*v - 3*t = 50395. Is v composite?
False
Let s(c) = -116*c - 7. Let v be (-81)/12 - 3/24*2. Let t be s(v). Let n = t - 308. Is n composite?
True
Let f = 853 + -850. Suppose c = m - 1116, -f*c = -31 + 28. Is m prime?
True
Suppose 80*w - 40*w - 34829 = 39*w. Is w composite?
True
Let w = 1157 + 605. Suppose 5*r = 15, i = -0*i - 5*r + 24181. Suppose 8*g - w = i. Is g a composite number?
True
Suppose 2*u - 2 = -2*m, -5*u + 0 = 2*m - 11. Suppose 4*l = -6*s + 11*s + 2851, 4*l = u*s + 2861. Is l a composite number?
False
Suppose -3*w - 1923 + 675 = 0. Let c = -185 - w. Suppose -5*a + c = -184. Is a a prime number?
True
Is (0 + -2)*((-5744)/40)/(8/10090) composite?
True
Suppose 306 + 148 = -2*z + 4*c, 915 = -4*z + c. Let u = z - -903. Is u a prime number?
False
Let x = -270381 + 493252. Is x a prime number?
False
Suppose -16*s + 82245 = s - 11786356. Is s prime?
False
Let m(f) = 800*f**3 - 16*f**2 + 20*f + 7. Is m(4) a prime number?
True
Suppose 4*h - 761 = 115. Let m be (-1)/(((-16)/4)/7708). Suppose h = 2*v - m. Is v prime?
False
Let v(z) be the third derivative of 17*z**4/12 - 47*z**3/6 + 37*z**2 + 1. Is v(6) prime?
True
Suppose -5*p + 1520 + 300 = 0. Let o = p - -193. Is o prime?
True
Suppose -x = 1, 79768 = 3*g + 19*x - 14*x. Is g a composite number?
False
Let b = 237 + -234. Suppose -b*o - 2473 = -19972. Is o a prime number?
False
Is 1*(-7 + (8 - 8)) + 41120 prime?
True
Suppose -1686547 = -39*s - 345220. Is s composite?
True
Let d(f) = 9990*f**2 + 2*f - 101. Is d(5) composite?
False
Let s = 40 + -40. Suppose -4*x - 4 = s, 0 = 2*k - 4*k + 3*x + 2569. Is k a composite number?
False
Suppose -259*w + 3306218 = -45*w - 43332728. Is w a prime number?
False
Let o be -5 + 1 + 7 + -3. Suppose 7*i - 2*i - 15355 = o. Is i composite?
True
Let x be 5*1 + 101 + -24. Suppose 0 = -84*n + x*n + 6718. Is n prime?
True
Let z(i) = 28*i**2 + 3*i - 8. Let r be ((-3)/(-6))/(3/18). Suppose 4*k - 17 = -r*l, k = -4*l + 4*k + 31. Is z(l) a prime number?
False
Suppose -3*j = -j. Let g be (-4)/(-2) - (j - 2). Is (-4)/g + 67 - 1 a composite number?
True
Let n(x) = x**3 - 3*x + 2. Let a be n(1). Suppose -3*r + q + 14 = 0, -4*r + a*r - 3*q = -36. Suppose -4*d + r*u - 3*u = -412, 12 = 3*u. Is d prime?
False
Suppose 0 = -3*x + 4*f + 96533, -5*f = -6*x + x + 160895. Is x composite?
False
Suppose 72*x = -k + 75*x + 703981, -4*x - 2111913 = -3*k. Is k composite?
True
Suppose -4 = 8*l - 28. Suppose 0*y + l*j = -y + 11, -6 = -2*j. Suppose y*a = -0*n - n + 5037, 1 = -a. Is n a prime number?
True
Suppose -40 - 15 = 4*n + l, -3*l = 4*n + 61. Let o(j) = 252*j**2 - 44*j - 1. Is o(n) prime?
True
Suppose -5*n + 43 = -3*v, -4*n - 4*v - 17 = -7*n. Suppose -n*x + 52025 = -97806. Is x composite?
True
Let p(z) = -4*z - 6. Suppose -3*n - 12 = -2*y, -4*y = -n + y - 17. Let t be p(n). Suppose -2*l - t*s = s - 8254, s - 16488 = -4*l. Is l a prime number?
False
Let n = 25184 - 40233. Let a = 21782 + n. Is a prime?
True
Suppose -1377 = -j + 214. Let r(h) = -42*h**2 + 3*h + 46. Let z be r(-4). Let v = j + z. Is v composite?
False
Let z = -1518 + -12852. Is (-3)/(-6) + z/(-4) a prime number?
True
Is (-38726)/(-14) + (-6)/(-7) a composite number?
False
Let t = -273 + 245. Is 149/2*(6 - t) prime?
False
Let g(n) = 3*n + 40. Let x be g(-15). Let t be (72/5 - 3/x)*1. Is 15/(-9) - (-54820)/t prime?
False
Let k(g) = -152*g - 7. Suppose -4*u = -17 + 1. Suppose 19 = -3*h + 2*h + u*x, -3*h - 5*x + 11 = 0. Is k(h) prime?
True
Let h(j) = -6*j + 4*j - 10*j + 13. Let u be 2/2 - 9*30/18. Is h(u) a prime number?
True
Suppose -5490 = -31*d + 15435. Suppose -5*c + 4 + 6 = 0. Suppose 0 = c*i - d - 739. Is i composite?
True
Let q = 10 - -24. Let t(w) = q*w + 152*w - 1 - 9 + 9. Is t(3) a prime number?
True
Is -4 - (-185645)/2 - (100/8)/(-5) a composite number?
False
Suppose -29 + 221 = 4*s. Let w = 64 - s. Is (40260/(-9))/(-4) - w/12 prime?
True
Let d be (3/6*3)/((-2)/1852). Let t = d - -3427. Is t a composite number?
True
Let y(b) = -b**2 - 13*b + 16. Let n be y(-17). Let p be (n/(-39))/((-4)/(-6)). Suppose 2*z + 950 = p*j, -4*z + 1 - 9 = 0. Is j prime?
False
Let u be (1/(-2))/((-44)/2325048). Suppose 6*h + 603 = u. Is h composite?
True
Is (1911/(-6))/(8/(-160)*2) + -4 prime?
True
Let n(m) be the second derivative of -m**4/2 - 13*m**3/6 + 15*m**2 + 29*m. Let w(l) be the first derivative of n(l). Is w(-6) a prime number?
True
Let y(x) = x**3 - 15*x**2. Let t be y(15). Suppose u + 9 = -t. Is (27/u)/(6/(-154)) a composite number?
True
Let y = 6757 + -3110. Is y a composite number?
True
Suppose -y = 2*q - 3, 2*y - 4 + 14 = 0. Is (-2 - -103) + -8 + q composite?
False
Let h be ((-1101)/2)/(3/(-18)). Let q = h + -2341. Let m = 225 + q. Is m prime?
True
Let i be (-373794)/30 + (-28)/(-10) + -3. Let p = 21465 + i. Is p prime?
False
Suppose -23*u + 14139032 - 4105305 = 0. Is u a prime number?
False
Let i(w) = 37*w**3 - 33*w**2 - 71*w - 38. Let p be i(24). Is (3 + 1 + 0)*p/232 prime?
True
Suppose 2*b - 628500 = -v, 10*v + 140757 = -3*b + 1083490. Is b a prime number?
False
Let x(t) = t**3 - 4*t**2 - 11*t + 8. Let y be x(6). Suppose 4*q + 2 = y, n - q - 914 = 0. Is n a composite number?
True
Let w be 459/((-1)/(-104)*3). Let t = w + -4219. Is t a prime number?
False
Let d(k) = 7*k**3 - 24*k**2 - 14*k - 90. Is d(19) composite?
False
Let l = -9 + 5. Let r(t) = 716*t - 35. Let n be r(-3). Is (l + 1 - (0 + -2))*n composite?
True
Let o(t) = -271*t**2 - t + 23. Let n be o(5). Let k = -2948 - n. Is k prime?
False
Let r(k) = 1383*k**2 + 52*k + 390. Is r(-7) composite?
True
Let g = 898 + -812. Let c = 5669 + g. Is c composite?
True
Let f(j) = -18*j - 21. Let l be f(21). Let z be 2 + (-2 - 2) + 1095. Let y = l + z. Is y composite?
True
Let r(f) be the first derivative of -f**4/4 - 14*f**3/3 - 7*f**2 - 6. Let q be r(-13). Suppose 2*u = 13 + q. Is u composite?
False
Let l(v) be the first derivative of v**3 + 3*v**2 + 3*v - 18. Let c be l(7). Let d = c + -74. Is d a composite number?
True
Let c(u) = 22*u**2 - 254*u + 463.